er when p(-16) is divided by y(-6).
2
Suppose -54 = -3*o + r, -2*o = -o - 3*r - 10. Suppose -3*f = -2*x - 23, 30 = 4*f - x + 6. Calculate the remainder when o is divided by f.
4
Let a(z) be the first derivative of z**3/3 + z**2 + 1. Calculate the remainder when (-9 - -1)*11/(-2) is divided by a(-5).
14
Let x = -37 - -51. What is the remainder when 41 is divided by x?
13
Suppose -2*c - 54 = -4*s, 2*s + 0*c = 5*c + 23. What is the remainder when 54 is divided by s?
12
Let j be 39/9 - (-2)/3. Let h = j - 3. Suppose v + h*v - 27 = 0. Calculate the remainder when 17 is divided by v.
8
Suppose -3*t - 126 = -2*j - t, 0 = 5*j + 2*t - 343. What is the remainder when j is divided by 23?
21
Suppose -107 = -5*x + 158. Let u = -26 - -40. What is the remainder when x is divided by u?
11
Let u = -55 + 80. Let w(x) = -x + 4. What is the remainder when u is divided by w(-3)?
4
Suppose 3 = -3*l - 0. Let q = 6 + l. Calculate the remainder when q is divided by 3.
2
Let j = -2 + 3. Calculate the remainder when (-8)/(j*2/(-4)) is divided by 6.
4
Let y = -17 + 51. Suppose 3*b - 36 = 2*r - 0*r, -5*b - 4*r = -60. Calculate the remainder when y is divided by b.
10
Let j be 1*(-3)/(-9)*0. Let h = 0 + j. Calculate the remainder when 3 is divided by h - (6 - 0)/(-3).
1
Let y be 3*(-1)/(6/4). Let i be (y/(-2) - 5)/(-1). Suppose -i*q = -20 - 12. Calculate the remainder when 22 is divided by q.
6
Let m = 11 + -9. Suppose 0*t + m*c = 5*t - 255, 0 = 4*t + 2*c - 222. Calculate the remainder when t is divided by 18.
17
Let l = 427 - 99. Calculate the remainder when l is divided by 55.
53
Let v(s) = s + 7. Let a be v(-6). What is the remainder when (-3)/(9/(-48)) - 0 is divided by a*(3 + -6)*-2?
4
Let g = 3 - 3. Suppose g = -5*x + 11 + 69. What is the remainder when 44 is divided by x?
12
Let i(q) = q**2 - 3*q + 8. Calculate the remainder when i(4) is divided by 5.
2
Suppose 0 = 3*n + 6 - 27. Suppose 2*w - 13 = 3*i - 8*i, i + 2*w - 1 = 0. What is the remainder when n + (-6)/3 - -2 is divided by i?
1
Let u(n) = n**3 + 3*n**2 - n + 4. Let m be u(3). Suppose -m = -k - 4*k. What is the remainder when k is divided by 8*1 + -1 + -1?
5
Calculate the remainder when 64 is divided by 2/4 + 43/2.
20
Let y = 30 + 3. Let u = 40 + -22. Calculate the remainder when y is divided by u.
15
Let n(r) = r + 14. Calculate the remainder when n(11) is divided by 9.
7
Suppose 20*x = 15*x + 190. Let k = 11 - 1. What is the remainder when x is divided by k?
8
Suppose 0 = -9*y + 13*y - 60. Suppose -4*k + 4*m + 348 = 5*m, 4*m = k - 87. Suppose -k = -6*j + 3*j. Calculate the remainder when j is divided by y.
14
Suppose -5*h + 3*p = 171, -4*p = -7 - 1. Let m = -23 - h. Suppose -6*q + 4*q = -m. What is the remainder when q is divided by 2?
1
What is the remainder when -1 - (-124)/12*3 is divided by 23?
7
Let o = 1 - -2. Suppose o*k - 13 = 2*k. Calculate the remainder when 37 is divided by k.
11
Let w = -17 - -32. Suppose -65 = -2*t + w. Calculate the remainder when t is divided by 14.
12
Let c(m) = -40*m + 2. What is the remainder when 124 is divided by c(-1)?
40
What is the remainder when -12 + 12 - (-39 - -1) is divided by 10?
8
Suppose -3*u + 227 = -136. What is the remainder when u is divided by 31?
28
Suppose 25 + 9 = 2*p. Let y = -39 - -71. Calculate the remainder when y is divided by p.
15
Let o = 3 - -3. Let l(z) = z**2 - 4. Let s(k) = k + 16. What is the remainder when l(o) is divided by s(-5)?
10
Suppose 2*s - 23 = 3. Suppose 2*i = 25 + s. Let o = 1 + i. Calculate the remainder when o is divided by 7.
6
Suppose 5*t = t + 28. Let q(p) = -p**2 + 6*p + 9. Calculate the remainder when 4 is divided by q(t).
0
Let t(r) = 9*r - 7. Calculate the remainder when 75 is divided by t(2).
9
Suppose 3*q - 14 = -2*q + 3*s, -q + 10 = 3*s. What is the remainder when 14 is divided by q?
2
Suppose -q - 3 + 11 = 0. Suppose -2*v = -10 - q. Calculate the remainder when v is divided by 4.
1
Suppose 3*k - 291 + 90 = -5*h, -2*h + 86 = 4*k. Calculate the remainder when h is divided by 25/2*16/10.
19
Suppose 5*i - 193 - 82 = 0. Suppose 0 = 4*b - 81 - 35. What is the remainder when i is divided by b?
26
Suppose -109 = -3*v + 41. Calculate the remainder when v is divided by 19.
12
Let s(w) = -w + 6. What is the remainder when s(-17) is divided by 5*(-5)/((-50)/24)?
11
Suppose -18*c = -13*c - 85. Calculate the remainder when c is divided by 5.
2
Let m(q) = -q**3 + q**2 + 1. Let w be m(0). Let y = 9 + w. What is the remainder when (-1)/(28/29 + -1) is divided by y?
9
Suppose 4*p + 70 = 5*y, -y + 6*y = 2*p + 70. What is the remainder when 374/y + (-6)/(-21) is divided by 14?
13
Let x = 47 + -28. Let t(g) = -g**2 - 7*g - 3. Calculate the remainder when x is divided by t(-5).
5
Suppose -4*c = -5*m - 6*c + 550, -m = -5*c - 137. Suppose 2*l - 6*l = 4*j - m, j = -5*l + 156. What is the remainder when l is divided by 17?
15
What is the remainder when 75 + (0/(-8) - (2 + -4)) is divided by 10?
7
Let y = 78 + -49. Let l(z) = -z**3 + 14*z**2 + z - 6. Suppose -o + 98 = 6*o. What is the remainder when y is divided by l(o)?
5
Suppose 3*g = -226 + 28. Let v = -19 - g. Calculate the remainder when v is divided by 24.
23
Let w(h) = -h**3 - h**2 + h - 105. Let v be w(0). Suppose 6 = -2*q - 106. Let y = q - v. What is the remainder when y is divided by 17?
15
Let u(s) = -s**3 - 3*s**2 - 7*s - 6. Let j = -6 - -2. What is the remainder when u(j) is divided by (-1 - 12)/(-1 + 0)?
12
Suppose -6*g + 203 = g. Calculate the remainder when g is divided by 6.
5
Suppose 4*z - 2*z - 166 = 0. Calculate the remainder when 33 is divided by z/9 - (-4)/(-18).
6
Suppose -12*a + 15*a - 150 = 0. Suppose 5*v - 7 - 58 = 0. Calculate the remainder when a is divided by v.
11
Let v = 47 - 30. Let x(l) = l + 1. What is the remainder when v is divided by x(5)?
5
Let j(t) = -5*t - 1. Let r be j(-1). Suppose 11 = 5*p - h - 24, -5*h - 28 = -r*p. What is the remainder when 12 is divided by p?
5
Let c = -4 + 43. What is the remainder when 155 is divided by c?
38
Let m(r) be the third derivative of -r**5/60 + r**4/12 + 11*r**3/3 - 3*r**2. Calculate the remainder when m(0) is divided by 12.
10
Suppose -7*x + 2*x + 30 = 0. Suppose x*y = y + 60. Let t = -4 + y. Calculate the remainder when 23 is divided by t.
7
Let m = 9 - 0. Let y be (-1 - 3)/(-2 - 0). Suppose 59 = y*a + 9. Calculate the remainder when a is divided by m.
7
Let a(g) = g**3 - g**2 + 62. Suppose 2*n - 150 = -3*n + 5*b, 4*n = b + 126. What is the remainder when a(0) is divided by n?
30
Let o(p) = -p**3 - p - 5. Let c be o(0). Let v(n) = 2*n**2 + 7*n - 2. Let h = -26 - -51. Calculate the remainder when h is divided by v(c).
12
Suppose 0 = -6*b + 3*b + 12. What is the remainder when (3*2 + 0)*1 is divided by b?
2
Let d(l) = 3*l - 7. Suppose -p = 2*z - 28, -3*z + 11 = 2*p - 8*z. What is the remainder when d(14) is divided by p?
17
Suppose 0 = -5*x + 6 + 369. What is the remainder when x is divided by 11?
9
Let q = 205 + -109. Calculate the remainder when q is divided by 20.
16
Suppose 0 = 5*m - 3*f - 168, -5*m + 0*f + 2*f + 167 = 0. Let q be (-6)/5*(-10)/4. Suppose q*v - 30 = 21. What is the remainder when m is divided by v?
16
Suppose 96 = 2*o + 3*u, -5*o - 2*u + 226 = 2*u. Suppose z = -z + a + 10, z + 3*a = -9. Suppose 2*f + 22 = z*f. What is the remainder when o is divided by f?
20
Suppose v + 3*v = 264. Suppose 3*r - v = -3*r. What is the remainder when r is divided by 4?
3
Let s = -129 + 80. What is the remainder when 2/4*(3 - s) is divided by 7?
5
Suppose 8 + 0 = d. What is the remainder when -6*7*(-2)/3 is divided by d?
4
Suppose -2*z + 24 = 4*z. What is the remainder when 19 is divided by z?
3
Suppose -x + f + 58 = 0, 2*x - 3*x + 56 = -2*f. What is the remainder when x is divided by 21?
18
Suppose 3*d + d - 104 = 0. Suppose d = x + x. Suppose 3*f - 3*a = 21, 2*f + 2*f - 18 = -a. What is the remainder when x is divided by f?
3
Suppose -2*n + 5 = -27. What is the remainder when 109 is divided by n?
13
Let x(v) = -59*v**3 - v**2 - v - 1. Calculate the remainder when x(-1) is divided by 15.
13
Suppose 4*m - 36 = 84. Calculate the remainder when m is divided by 12.
6
Calculate the remainder when 150 is divided by ((-8)/(-24))/((2 + 0)/306).
48
Let t be 0/(-2 - (-5 + 2)). Let n be t/((-3)/3 - 1). Suppose n = -4*m + 2